 l**6/4 - l**4/24 + 24*l**2 - 2*l. What is k(i)?
-29
Suppose 3*r - 11 = 25*m - 30*m, 5*m - 3*r = 59. Let g(i) = i**2 + 4*i - 72. Give g(m).
5
Let d(w) be the first derivative of -2 - 3*w**2 + 2*w - 1/3*w**3. Let x be (15 - 8)*(-19 - -8 - -10). Calculate d(x).
-5
Let f(d) be the second derivative of -d**4/12 + d**3 + 2*d. Let b = -124 - -228. Suppose 20 = -14*z + b. Determine f(z).
0
Let h = -13107 + 13106. Let k(f) = 26*f - 2. What is k(h)?
-28
Suppose 3*w = 10*w - 126. Suppose -w*q - 80 = -8*q. Let g(s) = -3*s + 8. Give g(q).
32
Let z(d) = d**2 + 16*d + 43. Let a(l) = -982*l - 2959. Let i be a(-3). What is z(i)?
4
Let z = 283 + -283. Suppose -6*g + 3*g - 4*x - 32 = z, 6*g = 5*x - 116. Let c(h) = -2*h - 39. Calculate c(g).
-7
Let d(m) = -555*m**3 + 3*m - 6*m**2 + 72 - 65 + 556*m**3. Let s be (-21)/(-4) + (-1)/4. Calculate d(s).
-3
Let u(p) = 2*p**2 - 738601 + 2*p**2 + 19*p + 738583. Determine u(1).
5
Let z(v) = -4*v - 1. Suppose j = -2*g + 65, -4*j + 43 = 2*g - g. Suppose -35 = -4*m - g. Give z(m).
-5
Let l(r) = -10*r + 165 - 324 + 163. Let i(n) = 2*n - 1. Let v(q) = -16*i(q) - 3*l(q). What is v(-7)?
18
Let s(y) = -y**2 + 63*y - 179. Let o be s(3). Let a(b) = -6*b - 1. Let v(i) = 7*i + 1. Let k be (-8)/(-6)*(-6)/4. Let t(q) = k*v(q) - 3*a(q). What is t(o)?
5
Let m(o) = -6*o**2 + 11*o**2 + 8*o + 14 + 9*o - 8*o**2. Let j be m(6). Let r(v) = -v**2 + 7*v + 9. Give r(j).
1
Let p(c) be the third derivative of c**4/24 - 17*c**3/3 - c**2. Let x = 46741 - 46741. Determine p(x).
-34
Let z be 0/(-2 - 1) - -14. Suppose -y + z = -1. Let x be 12*(40/y - 3). Let u(l) = -2*l - 2. Calculate u(x).
6
Let r = -76 - -399. Let w = -320 + r. Let v(q) = 4*q. Let a(d) = 7*d. Let n(y) = 6*a(y) - 11*v(y). Calculate n(w).
-6
Suppose 9*c - 4*c + 5*q - 25 = 0, 0 = -c + 2*q - 1. Let h(r) be the third derivative of 1/12*r**4 + 0 - 3*r**2 + 0*r - 2/3*r**3. Give h(c).
2
Suppose u - 78 = -q - 4*q, -4*q = u - 63. Let o = -9 + q. Let y(z) = 7*z**2 + z - o + 47*z**3 + 3*z - 46*z**3. What is y(-6)?
6
Let q(b) be the first derivative of 0*b + 1/24*b**4 + 20 + 6*b**2 + 1/6*b**3. Let h(l) be the second derivative of q(l). Calculate h(0).
1
Let l(v) = 3*v - 2 - 3*v**2 + 9*v + 2*v**2. Let b = 149952 + -149943. Calculate l(b).
25
Suppose -4 = 2*o - 2. Let q(x) = 9*x + 1. Let y(u) = u**2 - 11*u - 76. Let i be y(-5). Let s(n) = 13*n + 1. Let f(p) = i*s(p) - 5*q(p). Calculate f(o).
-8
Let z(f) be the second derivative of -f**5/20 + 5*f**4/4 - 13*f**3/6 - 6*f**2 + 263*f. What is z(14)?
2
Suppose -4*y + 3*a = -7*y + 12, -y - 5*a = 4. Suppose 66 = 10*i - 4. Let w(c) = -6 + 2*c + 4*c - 2*c**3 - i*c**2 + 3*c**3. Determine w(y).
-6
Let v = -5965 + 5964. Let f(r) = 5*r**2 + 16*r + 16. Determine f(v).
5
Let j be 31/3 + ((-8)/24 - -1). Suppose 13*d = 102 - j. Let h(s) = s**2 - 3*s + 3. Let u(z) = -z**2 + 4*z - 4. Let c(r) = 4*h(r) + 5*u(r). Calculate c(d).
-1
Let c(s) = 4*s + 96. Let q = 1549 - 1573. Give c(q).
0
Let s(m) = m**3 + 231*m - 2*m**2 - 229*m - 1 + m**3 + 3*m**3. Let v = 9 + 1. Suppose 6*y - v = -4. Give s(y).
4
Let n(o) = -166*o - 2990. Let i be n(-18). Let r(c) = -45*c - 1. Give r(i).
89
Let t(c) = -c**3 - 4*c**2 + 4*c + 5. Suppose 60*z + 15600 = 12*z. Let g = z + 320. Calculate t(g).
10
Let a(m) = -m**3 + m**2 + 10*m + 6. Let l(b) = -b**2 + 55*b - 336. Let c be l(7). Determine a(c).
6
Let w(r) = 4*r. Suppose 5*x - 162 = 2*h + 198, -3*x + 182 = -h. Let p = h + 167. Give w(p).
-12
Let a be (-116)/16*1*4. Let b = 25 + a. Let n(i) be the third derivative of i**6/120 + i**5/30 - 5*i**4/24 + i**3/3 - 25*i**2 - 1. Calculate n(b).
-10
Let n(k) = -k**3 + 5*k**2 + 10*k - 11. Let j = -373 + 387. Suppose j = 3*c - i, 5*c - 2*c - 5*i = -2. Calculate n(c).
13
Let y(s) = 2*s - 1. Let z be y(6). Suppose x + z - 10 = 0. Let i(n) = 3*n + 5. Let w(g) = 3*g + 6. Let f(l) = -7*i(l) + 6*w(l). Give f(x).
4
Let w = -5374 - -5368. Suppose 3*q + 2 + 50 = 5*h, 5*q = -20. Let s(r) = 0*r**2 + h*r + 8*r**2 + 4*r**2 + r**3 + 7 - 5*r**2. Calculate s(w).
-5
Let u(l) = -84*l**2 + 2*l + 1. Suppose 8*m + 11 = 4*q + 13*m, 4*m - 17 = 5*q. What is u(q)?
-85
Let q(a) be the first derivative of 0*a + 70 - 3*a**2 + 1/3*a**3. Determine q(3).
-9
Let g(v) be the third derivative of v**5/6 - 73*v**4/24 + 3*v**3 + 4113*v**2. What is g(7)?
-3
Let i(r) be the first derivative of r**2 - 3*r + 2321. Suppose 0*u + 10 = 5*u. Calculate i(u).
1
Let m be (1 - 3/5)/((-5)/600). Let u be ((-8)/16)/(0 - (-2)/m). Suppose b + 5 = 4*y + u, 3*y + b = 0. Let h(l) = -l. Determine h(y).
1
Let v(o) = o**3 + o**2 - 1. Let p be v(0). Let m(h) = -h + 4. Let c(i) = -i. Let t(y) = p*m(y) + 4*c(y). Let d be 2 + (-92)/14 - 468/(-819). Give t(d).
8
Let x(k) = k**3 + 19*k**2 - 40*k + 50. Let v = -21553 - -21532. Determine x(v).
8
Let l(b) be the first derivative of -1/8*b**4 - 1/3*b**3 + 0*b + 7/2*b**2 + 10. Let s(y) be the second derivative of l(y). Determine s(-3).
7
Let v(x) = 6*x + 51. Let r be v(-8). Let y be r/(9/(-12)) + 3. Let a(z) = 7*z**3. What is a(y)?
-7
Let w be 15/9*(-408)/(-20). Let l(u) = 1 + 34*u + w*u + u**3 - 66*u + u**2. Let y(v) = -v**3 - 5*v**2 - 3*v + 3. Let h be y(-4). Calculate l(h).
-1
Let c(i) = -i**3 - 22*i**2 - i - 22. Let t be c(-22). Suppose 0 = -t*y + 6*y - 30. Let k(r) = 5*r**2 + 5*r**2 - 5*r**2 - 4*r**2 - y. Give k(5).
20
Let v(o) = 18*o**2 - 217*o - 217. Let k be v(-1). Let r(q) = -q**3 + 16*q**2 + 34*q + 39. What is r(k)?
3
Let r(b) be the third derivative of -b**4/2 + 77*b**3/6 + 3*b**2 + b. Let k be r(6). Let a(v) = -v + 14. Calculate a(k).
9
Let f(k) = k + 19. Let a(g) = -g - 4*g**2 - g**3 - 7*g**2 + 0 - 13*g**2 - 32. Let i be a(-24). What is f(i)?
11
Suppose -209*g + 208*g - 8 = 0. Let t(u) = -u**2 - 9*u - 5. Let w be t(g). Let r(v) = -2*v**2 + 2*v + 4. Calculate r(w).
-8
Let b(a) = -11*a**2 - 4*a + 2. Let i be 7 - 11 - (-4 - 1). Determine b(i).
-13
Let n = 233 + -230. Suppose 0 = -2*l + 4*k + 6 + 16, 0 = -n*k - 12. Let o(h) = h + 2. Give o(l).
5
Let f be (1/1)/(21/147). Let j be (f + (-78)/12)*-6. Let s(y) = y**3 + 6 - 3*y**3 + y + 0 - 5 - 3*y**2. What is s(j)?
25
Suppose -5*h + 8*h - 48 = 0. Let r(q) = h + q + 0 - q**2 - 8 - 4. Suppose 5*z + 9 = -4*d, 0 = d - z + 1 - 10. Give r(d).
-8
Let o(c) be the first derivative of 33*c**3 + c**2 - 3*c + 2092. What is o(1)?
98
Let m(k) = 19*k**2 + 4*k + 15. Let d(s) = s**3 - s**2 - 14. Let t(w) = d(w) + m(w). Calculate t(-18).
-71
Suppose -c = 4*v - 30, -c + 4*c = 5*v - 46. Suppose -5*h + 7 = 3*u, u - 1 = 5*h + v. Let d(l) = -l**3 + 4*l**2 + 2. Give d(u).
2
Suppose 29*q - 30*q + 8 = 0. Suppose 0 = -p, -2*p + p = 2*t - q. Suppose 35 = 11*a - t*a. Let i(w) = w**3 - 7*w**2 + 4*w + 6. Give i(a).
-24
Let x(u) = u - 1. Let c(g) be the first derivative of 5*g**2/2 + 5*g + 36. Let o(p) = c(p) - 6*x(p). Calculate o(6).
5
Let f(k) = -k**3 - 3*k**2 + k - 8. Suppose -p - 4*l - 46 + 35 = 0, 4*p + 6 = 3*l. What is f(p)?
-11
Let g = 18 + 46. Let a = 66 - g. Let b(p) = -21*p**2 - 5*p - 21. Let l(i) = 4*i**2 + i + 4. Let r(v) = a*b(v) + 11*l(v). What is r(2)?
12
Suppose p = 4*h + 13 + 19, -2*p = -2*h - 28. Let q(j) be the first derivative of -j**4/4 - 7*j**3/3 - 5*j**2/2 - 9*j + 1. Calculate q(h).
-15
Let y(i) = -5*i**3 - i. Let b = 19 + -8. Suppose 0 = -6*f + b*f + 240. Let m = -47 - f. What is y(m)?
-6
Let i(f) be the third derivative of -f**7/840 - 7*f**6/360 + f**5/20 - f**4/3 + 12*f**3 + 85*f**2. Let h(p) be the first derivative of i(p). Calculate h(-8).
8
Let b(t) = t**2 + t - 17. Let v(q) = 5*q**2 - 1. Let f be v(1). Let y be b(f). Let j(g) = 9 - 15 + 6 - y*g. What is j(-4)?
12
Let t(x) = -85*x**2 - 98*x**2 - 96*x**2 + 267*x**2 + 1 + 14*x + x**3. What is t(10)?
-59
Let f(h) = -h**3 + 11*h + 7. Let v be ((-280)/(-24) - 11) + (-80)/(-24). Determine f(v).
-13
Let x(g) = g**2 + 10*g + 11. Let t(j) = 2*j + 10. Let w be ((-4)/38 + 2208/(-684))*3. Let f be t(w). Determine x(f).
11
Suppose 5*i - 19 = 2*o, 524*o - 522*o = 3*i - 17. Let u(l) be the third derivative of l**6/40 - l**5/60 + l**4/24 + l**2. What is u(i)?
3
Let c = -5 - -6. Suppose -5 = 2*s + c. Let l(o) = -2 + 5035*o + o**2 - 5035*o. Calculate l(s).
7
Let q(s) = 4*s - 6. Let j be q(-7). Let h = j + 44. Let w(p) = 2 - 9*p + 1 + h*p. Give w(0).
3
Let b(l) be the second derivative of l**3/6 - 6*l**2 + 2762*l. Suppose 2*a - 31 = -a - 2*p